(-3).
-53
Let u(f) = 77*f + 551. Calculate u(-7).
12
Let a(f) = -f**3 + 4*f**2 + 32*f + 22. Determine a(-7).
337
Let n(b) = -9482*b + 9483. What is n(1)?
1
Let c(g) = -9*g**2 - 11*g + 7. Determine c(-4).
-93
Let i(a) = -2905*a - 14690. Give i(-5).
-165
Let o(d) = -5*d**3 - d**2 + 2*d + 337. Give o(0).
337
Let d(y) = -2*y**2 - 223*y + 3517. What is d(14)?
3
Let w(h) = -h**2 + 90*h - 1578. Determine w(65).
47
Let k(n) = -1638*n - 14707. Calculate k(-9).
35
Let j(d) = 104*d - 947. Give j(9).
-11
Let y(s) = 8*s**3 + 44*s**2 - 15*s - 3. Give y(-5).
172
Let t(k) = -11*k + 105. Give t(14).
-49
Let h(i) = i**2 + 77*i - 13745. Calculate h(-162).
25
Let i(w) = 34*w**2 - 6833*w - 186. Calculate i(201).
15
Let d(g) = 4*g**3 - 1052*g**2 + 2088*g + 6. Determine d(261).
6
Let b(q) = 3*q**2 + 34*q + 37. Calculate b(-13).
102
Let p(q) = -q**3 - 6*q**2 + 359*q + 1470. Give p(-4).
2
Let z(n) = -n**2 + 5*n - 2. What is z(8)?
-26
Let a(g) = -9*g + 153. Give a(-16).
297
Let i(w) = 31*w**2 - 38*w - 39. Give i(-1).
30
Let i(c) = -4*c**2 - 9*c + 24. What is i(2)?
-10
Let i(p) = 19*p - 250. Determine i(13).
-3
Let b(t) = -62*t**2 - 339*t + 206. Give b(-6).
8
Let x(w) = -12*w + 162. Calculate x(84).
-846
Let q(x) = 3*x + 54. What is q(34)?
156
Let p(c) = -1605*c - 24080. Calculate p(-15).
-5
Let x(g) = 25*g + 121. Calculate x(-4).
21
Let i(o) = 4*o**3 + 5*o**2 - 30*o - 11. Give i(4).
205
Let a(p) = 20*p**2 + 315*p - 53. Determine a(-16).
27
Let v(b) = 11*b + 76. Determine v(-7).
-1
Let q(r) = -11*r - 25. Determine q(-2).
-3
Let d(z) = 9*z**2 - 115*z + 253. What is d(10)?
3
Let q(s) = s**2 - 95*s + 772. What is q(86)?
-2
Let a(m) = -4*m**2 + 22*m + 213. Calculate a(10).
33
Let h(i) = -40*i + 2022. Determine h(53).
-98
Let g(p) = -p**3 - 13*p**2 + 710*p + 77. Calculate g(21).
-7
Let d(g) = 225*g - 201. What is d(1)?
24
Let q(v) = 80*v - 575. What is q(9)?
145
Let h(o) = -19*o**2 + 59*o + 59. What is h(-1)?
-19
Let h(y) = -y**2 - 22*y - 80. Give h(-4).
-8
Let o(d) = -d**3 + 5*d**2 + 42*d - 21. Determine o(9).
33
Let w(i) = i**3 + 186*i**2 + 161*i - 4442. Determine w(-185).
-2
Let c(q) = 25*q**3 + 605*q**2 + 117*q - 73. Calculate c(-24).
-1
Let w(g) = 6*g**2 - 495*g + 1959. What is w(4)?
75
Let v(r) = -r**2 + 5*r - 8. Calculate v(7).
-22
Let n(k) = -k**3 + 50*k**2 + 102*k + 50. Give n(52).
-54
Let g(y) = 2*y**3 - 14*y**2 + 133*y - 827. Give g(7).
104
Let n(f) = -f**2 + 68*f + 371. What is n(-5)?
6
Let k(a) = a**3 - 48*a**2 - 96*a - 81. Give k(50).
119
Let x(u) = -u**3 - 8*u**2 + 25*u - 27. Determine x(-11).
61
Let u(n) = -4802*n - 9. Give u(0).
-9
Let m(g) = -g**3 - 19*g**2 - 45*g - 57. Calculate m(-16).
-105
Let l(v) = -316*v - 10135. Give l(-32).
-23
Let k(f) = -43*f + 1983. Give k(46).
5
Let l(o) = -o**2 + 15*o + 196. What is l(21)?
70
Let j(d) = 25*d - 215. Determine j(8).
-15
Let f(b) = b**3 + 9*b**2 + 13*b + 84. Give f(-7).
91
Let w(k) = -k**3 + 44*k**2 + 2*k + 224. Calculate w(44).
312
Let b(x) = 264*x - 4936. Determine b(19).
80
Let o(w) = w**3 - 626*w**2 + 3110*w + 6. Determine o(5).
31
Let h(y) = y**3 - 109*y**2 - 113*y + 345. What is h(110)?
15
Let v(o) = -4*o**3 + 27*o**2 - 33*o - 20. Give v(5).
-10
Let b(a) = -58*a - 228. Determine b(-4).
4
Let a(k) = k**3 + 22*k**2 - 5*k - 115. Give a(-22).
-5
Let i(j) = -j**3 - 107*j**2 + 5*j + 553. What is i(-107)?
18
Let f(m) = -m**3 + 54*m**2 - 397*m - 260. What is f(45)?
100
Let n(f) = -4*f**2 + 48*f - 9. Determine n(12).
-9
Let r(g) = g**2 - 238*g + 9106. Determine r(48).
-14
Let r(g) = g**2 - 2*g - 9. Determine r(4).
-1
Let u(q) = q**2 + 484*q - 13261. Give u(26).
-1
Let m(s) = 2*s**2 - 119*s - 1387. What is m(-10)?
3
Let k(b) = 6*b**3 + 7*b**2 - 15*b + 36. Calculate k(-4).
-176
Let g(r) = 2425*r + 41212. Calculate g(-17).
-13
Let z(i) = -20*i**2 - 237*i + 595. Determine z(-14).
-7
Let i(y) = y**2 - 124*y + 2324. Determine i(23).
1
Let v(p) = p**3 - 19*p**2 - 216*p - 10. What is v(27)?
-10
Let v(m) = -4*m**3 + 35*m**2 + 175*m - 226. Determine v(12).
2
Let v(d) = -d**3 + 2*d**2 + 5*d + 1. Give v(-3).
31
Let k(l) = 4*l**3 + 27*l**2 - 39*l - 8. Give k(-8).
-16
Let g(t) = t**3 - 19*t**2 + 64*t + 19. Calculate g(12).
-221
Let m(a) = -4*a**2 + 12*a + 29. Give m(-7).
-251
Let j(r) = -284*r - 201. Calculate j(4).
-1337
Let m(y) = 11*y**2 + 21*y - 78. Determine m(-4).
14
Let j(t) = -3637*t + 14447. Give j(4).
-101
Let h(s) = 122*s - 11708. Determine h(96).
4
Let s(c) = -c**3 - 207*c**2 + 416*c - 401. Give s(-209).
17
Let g(p) = -13*p**2 - 49*p + 164. Give g(3).
-100
Let r(z) = -z**3 - 79*z - 6. Determine r(0).
-6
Let m(i) = -4*i**3 + 35*i**2 + 100*i - 6. Give m(11).
5
Let u(b) = -b**2 - 54*b + 1870. Calculate u(-78).
-2
Let g(u) = -17*u - 203. Give g(0).
-203
Let n(r) = r**3 + 22*r**2 + r + 82. Calculate n(-22).
60
Let l(d) = -100*d**3 - 2*d**2 + 119*d - 117. Calculate l(1).
-100
Let y(t) = -17*t + 1111. Calculate y(65).
6
Let w(p) = 43*p - 41. Give w(2).
45
Let b(h) = -56*h + 946. Calculate b(17).
-6
Let c(h) = 6*h - 146. What is c(20)?
-26
Let q(a) = -a**3 + 14*a**2 - 42*a + 380. Calculate q(13).
3
Let b(u) = 5*u**2 - 46*u + 66. What is b(12)?
234
Let k(g) = 1653*g + 69452. Determine k(-42).
26
Let c(y) = -2*y**3 - 29*y**2 + 17*y - 53. Give c(-15).
-83
Let s(g) = 158*g**3 + 2*g**2 + 4*g + 1. What is s(-1)?
-159
Let v(b) = -b**3 + 6*b**2 + 75*b - 226. What is v(11)?
-6
Let p(o) = -o**2 - 168*o - 4266. What is p(-137)?
-19
Let k(j) = -2*j**3 + 29*j**2 - 17*j - 30. Calculate k(14).
-72
Let v(t) = 170*t + 22. What is v(2)?
362
Let z(a) = a**3 - 8*a**2 + 7*a - 146. Determine z(9).
-2
Let d(w) = -5*w**2 + 143*w - 93. Calculate d(28).
-9
Let l(k) = -k + 137. Give l(-16).
153
Let y(w) = -1292*w + 32327. Determine y(25).
27
Let o(b) = -b**2 - 94*b + 2982. Calculate o(25).
7
Let c(z) = z**3 - 70*z**2 + 67*z - 59. Calculate c(69).
-197
Let t(o) = o**2 - 15*o - 737. Determine t(36).
19
Let v(m) = 12*m - 322. Determine v(0).
-322
Let z(x) = -48*x - 988. Calculate z(-21).
20
Let m(c) = -10*c**2 + 53*c - 137. Determine m(3).
-68
Let k(b) = -53*b - 1376. Determine k(-26).
2
Let s(m) = 3*m**2 + 853*m + 14382. Calculate s(-18).
0
Let r(x) = -x**3 - 36*x**2 + 454*x - 2. Give r(10).
-62
Let n(f) = -f**3 - 8*f**2 + 5*f - 147. Calculate n(-10).
3
Let y(s) = s**3 - 44*s**2 - 124*s - 795. Determine y(47).
4
Let m(f) = -6*f**2 + 41*f - 45. Determine m(5).
10
Let z(r) = r**2 - 105*r + 2515. Calculate z(38).
-31
Let s(f) = -322*f + 1938. Calculate s(6).
6
Let j(q) = -96*q + 8925. What is j(93)?
-3
Let x(c) = 3*c**2 - 11*c + 5. Calculate x(6).
47
Let d(k) = -341*k + 8197. What is d(24)?
13
Let t(n) = 51*n**2 + 6*n + 18. Determine t(-2).
210
Let t(n) = -n**3 - 95*n**2 + 97*n + 93. Calculate t(-96).
-3
Let k(l) = -l**2 + 17*l + 154. Determine k(-7).
-14
Let c(v) = -19*v - 5502. Calculate c(-290).
8
Let a(h) = h**3 + 5*h**2 + h - 13. What is a(-3)?
2
Let x(d) = d**3 - 22*d**2 + 43*d - 67. Calculate x(21).
395
Let a(l) = 151*l - 9377. Calculate a(62).
-15
Let d(a) = 3*a - 26. Determine d(-5).
-41
Let d(t) = -t**2 + 33*t - 246. Calculate d(10).
-16
Let o(w) = -w**2 - 6*w - 76. What is o(-12)?
-148
Let d(t) = 234*t - 1004. Calculate d(6).
400
Let n(s) = 3*s**2 - 234*s + 241. Determine n(77).
10
Let h(d) = d**2 + 24*d - 7. Calculate h(-24).
-7
Let c(q) = 3*q**3 + 109*q**2 + 41*q + 159. What is c(-36)?
-21
Let q(i) = -326*i**2 - 2607*i + 18. What is q(-8)?
10
Let q(n) = -38*n**2 + 423*n + 12. Calculate q(11).
67
Let t(l) = -15*l**2 - 9*l + 801. Determine t(7).
3
Let b(z) = z**3 + 2*z**2 - 21*z - 16. Give b(4).
-4
Let s(j) = -8*j**3 - 135*j**2 + 24*j - 2. Determine s(-17).
-121
Let h(f) = -f**3 - 6*f**2 - 18*f + 124. Determine h(-11).
927
Let c(s) = -s**3 - 12*s**2 - 35*s + 12. Determine c(-5).
12
Let g(t) = -1582*t + 33227. Determine g(21).
5
Let b(c) = -c**3 - 14*c**2 + 170*c - 371. Determine b(5).
4
Let h(f) = 3*f + 17. What is h(-38)?
-97
Let k(w) = -2*w**3 + 49*w**2 - 25*w + 48. Give k(24).
24
Let l(o) = -58*o + 335. Calculate l(6).
-13
Let z(q) = q**3 + 13*q**2 + 39*q - 6. Determine z(-6).
12
Let r(t) = -3*t - 137. Determine r(25).
-212
Let o(c) = 159*c**2 - 2*c + 47. Determine o(0).
47
Let u(n) = 2*n**3 - 283*n**2 + 113*n + 3960. Give u(141).
12
Let f(n) = -n**2 - 2*n + 25. Determine f(-4).
17
Let s(y) = -1536*y - 29187. Determine s(-19).
-3
Let g(y) 